 remainder when 99 is divided by i.
14
Let l(n) = -2*n + 11. Suppose -4*a + 9*a + 4*i = 328, -3*i = -5*a + 349. What is the remainder when a is divided by l(3)?
3
Let j(i) = -i**3 + 9*i**2 + 196*i - 1624. Calculate the remainder when 1254 is divided by j(8).
6
What is the remainder when 22 is divided by 228/60 - 3 - ((-108)/15 + -2)?
2
What is the remainder when (-5115)/(-6) - (0/4 - (-39)/(-26)) is divided by 86?
80
Let x(q) be the first derivative of 11*q**3/3 + 14*q**2 + 3*q + 69. What is the remainder when 34 is divided by x(-3)?
16
Let s = -9 + 13. Suppose o - 4*m + 5 = -1, 3*o + s = 5*m. Suppose -o*l + 59 = 5*i, -5*i + 12 = 37. What is the remainder when l is divided by 12?
6
Suppose 3*y - 90 = -3*h, -8 = -3*y + 4*h + 89. Let i = 39 + -17. What is the remainder when -18*(y + -38)*4/6 is divided by i?
18
Suppose 2*q = 5*g + 6*q + 183, -5*q = -5*g - 165. Let a = 124 - g. Calculate the remainder when a is divided by -41 + (-19 - -96) + 4.
39
Suppose 95*l - 99*l + 1868 = 0. Let b = l + -436. Let o = 12 + -1. What is the remainder when b is divided by o?
9
Let g(p) = 2*p**2 - 108*p + 1135. Calculate the remainder when g(11) is divided by 145.
44
Let y = -37179 - -37338. Calculate the remainder when y is divided by 4/(2/(32/2)).
31
Let n(j) = 63*j + 102. Calculate the remainder when 338 is divided by n(1).
8
Let w = 1498 + -1454. Suppose -d + 10 = -0*d. What is the remainder when w is divided by d?
4
Calculate the remainder when 7043 is divided by (12*1)/((-11)/2*8/(-22)).
5
Let h be (54/36)/(9/438). Suppose 0 = 3*t - h + 58. What is the remainder when 74 is divided by t?
4
Let n = -2307 - -3455. Calculate the remainder when n is divided by 105.
98
Suppose -241*h - 459 = -244*h. Calculate the remainder when 473 is divided by h.
14
Calculate the remainder when 332 is divided by (-4 - -3)*3 - (-2340)/20.
104
Suppose -25*o + 989 - 814 = 0. What is the remainder when 18 is divided by o?
4
Suppose 4 = -4*t - 20. Let q(y) = -2*y + 23. Let g be q(t). Let p = g + -23. Calculate the remainder when 95 is divided by p.
11
Let h(c) = 25*c - 62. Let f be h(12). Let w = f + 80. What is the remainder when w/9*(-9)/(-3) is divided by 28?
22
Suppose 0 = -22*s + 19*s - 12, s + 46 = y. Suppose -614 = -4*l + 54. What is the remainder when l is divided by y?
41
Suppose -4*z + 3*z + 64 = -9*z, -y = 3*z + 2. Let q = 143 - 75. Calculate the remainder when q is divided by y.
2
Let s(b) = -2*b**2 + 30. What is the remainder when 130 is divided by s(-3)?
10
Let t be -3 + 4/(-24) + 867/18. Suppose a - 17 = b - 53, b = 4*a + t. Calculate the remainder when 93 is divided by b.
27
Suppose 28*k - 33*k + 2*c + 15505 = 0, -3*c - 15505 = -5*k. What is the remainder when k is divided by 107?
105
Suppose -y - 2*i = 5, -2*y + 5*i = -7*y - 10. Let l(v) = 436*v + 3. What is the remainder when l(y) is divided by 55?
54
Let p(m) = -136*m - 271. Suppose 2*v - s = 0, -3*s + 3 + 4 = v. What is the remainder when v is divided by p(-2)?
0
Suppose -4*n + 344 = -2*r, -5*n = 3*r - 127 - 314. Suppose -7*i = -3*i - 180. Calculate the remainder when n is divided by (-1)/((-3)/i) + 3.
15
Let k = -8963 - -9024. Calculate the remainder when 925 is divided by k.
10
Let v = -3 - -13. Calculate the remainder when (-14)/42*3*-2 - -52 is divided by v.
4
Let m be (-2)/(-6)*(-3 + 3). Suppose m = -3*s + 111 + 45. Suppose -3*v + 3*t = -78, -2*v - 3*t - s = -4*v. What is the remainder when 129 is divided by v?
25
Let k(i) = 31*i**2 + 60*i + 23. Calculate the remainder when k(5) is divided by 4.
2
Let u be (-6)/(-4) + (-28)/(-8). What is the remainder when 502 is divided by 2208/60 - 4/u?
34
Let y(j) = j + 8. Let c be y(-7). Let l be (181/4)/(2*c/8). Suppose -6*w + 257 + l = 0. Calculate the remainder when w is divided by 38.
35
Suppose 0 = 6*o - 25*o + 19247. Let j = 1110 - o. Calculate the remainder when j is divided by 50.
47
Suppose -255*j + 257*j = -2*a + 7460, 5*j - 2*a - 18706 = 0. What is the remainder when j is divided by 55?
53
Let r(o) = 143*o - 6. Let z be r(1). Let v = -118 + z. Calculate the remainder when 72 is divided by v.
15
Let c(u) be the third derivative of u**5/30 + 11*u**4/24 - 7*u**3/6 + 73*u**2. What is the remainder when c(-9) is divided by 4?
0
Suppose 108*t - 109*t + 68 = 0. Suppose 3*x = 6, 0 = -4*r + 2*x + 8 + t. Calculate the remainder when 234 is divided by r.
14
Let t(j) = 27 + 2 + 2*j + 46 - 3*j. What is the remainder when t(-15) is divided by 46?
44
Suppose 4*t + p = 17, 0 = 5*t + 4*p - 17 - 7. Suppose 4*r + 138 = -l + 3*l, r = t. Calculate the remainder when l is divided by 14.
7
Let v(y) = -307*y - 47. Calculate the remainder when 493 is divided by v(-1).
233
Let q = -430 - -434. What is the remainder when (-3 + q)/(-2 + 17/8) is divided by 3*(2/3 - -1)?
3
Let j be (-14)/(-6) - 1/((-6)/4). Suppose 3*u = j*m - 9, -4*m + 12 = -4*u - u. Calculate the remainder when 9 is divided by m.
0
Let k be (-4)/10 + 2117/5. Let l(z) = 78*z + 1173. Let w be l(-15). Suppose -12*a = -w*a - k. What is the remainder when 139 is divided by a?
45
Let c(t) = -2*t - 1. Let d be c(-3). Suppose d*a = 37 + 28. Suppose 9 - 55 = -2*i. What is the remainder when i is divided by a?
10
Suppose 9*i + 2*i - 429 = 0. Suppose -13*k + 4*s + i = -12*k, -k = s - 29. Calculate the remainder when k is divided by 24/18*(13 + -1).
15
What is the remainder when 158 is divided by -10*10/((-1300)/247)?
6
Let w(t) = -t**3 + 8*t**2 + 8*t - 22. Let v = -38 - -51. Suppose g + v*g = 98. What is the remainder when w(g) is divided by 17?
15
Suppose 21*a - 32*a = -165. Let d(c) = -c**3 - 5*c**2 + 4. Let r be d(-5). Suppose 0 = -r*v + a*v - 341. Calculate the remainder when v is divided by 11.
9
Calculate the remainder when 36/666 - 98544/(-444) is divided by 41.
17
Let b(w) = w + 47. Let g be b(-11). Let t be (-4)/g + (-1715)/(-45). Suppose -3*d + t = -316. What is the remainder when d is divided by 15?
13
Let a = 36 + -24. Suppose -2*s + 43 = p, 4*s - p = 50 + 39. Suppose 4*v - 6*v = 4*h - s, -5*h = -4*v + 109. Calculate the remainder when v is divided by a.
9
Let u = -3910 + 6748. Let r(q) = -8*q**3 - 3*q - 1 + 2 - 2841*q**2 + u*q**2. Calculate the remainder when 114 is divided by r(-2).
55
Suppose 0 = -12562*n + 12710*n - 1480. Suppose 5*b + 3*h = 390, -113 - 137 = -3*b - 5*h. What is the remainder when b is divided by n?
5
Let x(v) = -4*v**3 - 6*v**2 - 10*v - 17. Let d be x(-5). Let b = 542 - d. What is the remainder when b is divided by 5?
4
Suppose 3*a - 36 - 15 = 0. What is the remainder when a is divided by 7/(-21) - -11*2/3?
3
Suppose 9*z = 18 + 207. Suppose 4*l - 5*v = 133, -13*v = -18*v - z. Calculate the remainder when l is divided by 7.
6
Let b(x) = x**2 + 14*x - 15. Let o be b(-15). Let a(c) = 9*c**3 - 12*c**3 + o*c**3 + 14*c**2 - 5*c + 2. Calculate the remainder when a(3) is divided by 11.
10
Suppose -14*l - 129 = -5*g - 11*l, -3*l + 87 = 3*g. Calculate the remainder when 123 is divided by g.
15
What is the remainder when 290 is divided by (45 - -16) + -14 - (0 - 3)?
40
Let p(g) = 2*g**2 - 689*g + 10204. Let i = -5 + 12. Calculate the remainder when i is divided by p(329).
2
Let z be ((-1)/2)/(2*(-2)/24). Suppose 27 = -2*r + z*r. What is the remainder when r is divided by 14?
13
Let k = -43 - -53. Let y = -25 - -44. What is the remainder when (1 - 268/k)*-5 is divided by y?
15
Calculate the remainder when (546/(-12) + 12)*-42 is divided by 7.
0
Let r(t) = 5*t - 42. Let n(x) = x**2 - 3*x - 26. Let d be n(8). Calculate the remainder when 134 is divided by r(d).
22
Let a = -26 + -6. Calculate the remainder when 13 is divided by (72/a - -3)/(1/4).
1
Let p(z) = 8*z - 87. Let r(d) = -d**3 - 2*d**2 + 3*d - 6. Calculate the remainder when r(-5) is divided by p(13).
3
Let c = 33 + -35. Let k be (-4)/(8/(-46)) - c. Suppose -4*i + 5*h + 1 - 8 = 0, 5*h - k = -5*i. What is the remainder when 7 is divided by i?
1
Let o(y) = y**3 + 3*y**2 + 5*y + 257. Calculate the remainder when 334 is divided by o(-7).
22
Suppose 12 + 6 = -2*o. Let q(c) = c**2 + 5*c - 13. Let m be q(o). What is the remainder when 4/(-4)*(1 - 2)*m is divided by 7?
2
Let a = 1646 - 1029. Suppose v + 174*m - 172*m - 2 = 0, -3*v - 5*m = -15. Calculate the remainder when a is divided by v.
17
Suppose 36*m = 31*m + 2*v + 761, -5*m - 4*v + 773 = 0. What is th